{"id":7610,"date":"2024-01-08T10:55:32","date_gmt":"2024-01-08T08:55:32","guid":{"rendered":"https:\/\/www.sonneshop.ee\/product\/seebialus-2\/"},"modified":"2024-11-14T16:46:36","modified_gmt":"2024-11-14T14:46:36","slug":"seebialus-2","status":"publish","type":"product","link":"https:\/\/www.sonneshop.ee\/lv\/product\/seebialus-2\/","title":{"rendered":"Seebialus"},"content":{"rendered":"","protected":false},"excerpt":{"rendered":"<p>&nbsp;<\/p>\n<h5>Minim\u0101lisma dizaina betona apa\u013cais ziepju trauks, kas, lietojot ciet\u0101s ziepes, novada lieko \u016bdeni no pamatnes.<\/h5>\n<p>&nbsp;<\/p>\n<p>Ide\u0101li piem\u0113rots gan vannas istabai, gan virtuvei.<\/p>\n<p>Izm\u0113ri: diametrs 98 mm<br \/>\nMateri\u0101ls: betons<br \/>\nApstr\u0101d\u0101ts ar dab\u012bg\u0101m e\u013c\u013c\u0101m.<\/p>\n<p>Katrs izstr\u0101d\u0101jums ir roku darbs, un tam ir savs unik\u0101ls dizains.<\/p>\n<p>Izstr\u0101d\u0101ts un ra\u017eots Igaunij\u0101.<\/p>\n<p>&nbsp;<\/p>\n","protected":false},"featured_media":6966,"comment_status":"open","ping_status":"closed","template":"","meta":[],"product_brand":[],"product_cat":[593],"product_tag":[608,594,604],"class_list":{"0":"post-7610","1":"product","2":"type-product","3":"status-publish","4":"has-post-thumbnail","6":"product_cat-oko-lv","7":"product_tag-betona-ziepju-trauks","8":"product_tag-oko-lv","9":"product_tag-seebialus-lv","11":"first","12":"instock","13":"taxable","14":"shipping-taxable","15":"purchasable","16":"product-type-simple"},"yoast_head":"<!-- This site is optimized with the Yoast SEO plugin v27.5 - https:\/\/yoast.com\/product\/yoast-seo-wordpress\/ -->\n<title>Seebialus - Sonne<\/title>\n<meta name=\"robots\" content=\"index, follow, max-snippet:-1, max-image-preview:large, max-video-preview:-1\" \/>\n<link rel=\"canonical\" href=\"https:\/\/www.sonneshop.ee\/lv\/product\/seebialus-2\/\" \/>\n<meta property=\"og:locale\" content=\"lv_LV\" \/>\n<meta property=\"og:type\" content=\"article\" \/>\n<meta property=\"og:title\" content=\"Seebialus - Sonne\" \/>\n<meta property=\"og:description\" content=\"&nbsp; Minim\u0101lisma dizaina betona apa\u013cais ziepju trauks, kas, lietojot ciet\u0101s ziepes, novada lieko \u016bdeni no pamatnes. &nbsp; Ide\u0101li piem\u0113rots gan vannas istabai, gan virtuvei. Izm\u0113ri: diametrs 98 mm Materi\u0101ls: betons Apstr\u0101d\u0101ts ar dab\u012bg\u0101m e\u013c\u013c\u0101m. Katrs izstr\u0101d\u0101jums ir roku darbs, un tam ir savs unik\u0101ls dizains. Izstr\u0101d\u0101ts un ra\u017eots Igaunij\u0101. &nbsp;\" \/>\n<meta property=\"og:url\" content=\"https:\/\/www.sonneshop.ee\/lv\/product\/seebialus-2\/\" \/>\n<meta property=\"og:site_name\" content=\"Sonne\" \/>\n<meta property=\"article:publisher\" content=\"https:\/\/www.facebook.com\/sonneshop\/\" \/>\n<meta property=\"article:modified_time\" content=\"2024-11-14T14:46:36+00:00\" \/>\n<meta property=\"og:image\" content=\"https:\/\/www.sonneshop.ee\/wp-content\/uploads\/2024\/01\/okoummarguneseebialushall.jpg\" \/>\n\t<meta property=\"og:image:width\" content=\"768\" \/>\n\t<meta property=\"og:image:height\" content=\"1152\" \/>\n\t<meta property=\"og:image:type\" content=\"image\/jpeg\" \/>\n<meta name=\"twitter:card\" content=\"summary_large_image\" \/>\n<script type=\"application\/ld+json\" class=\"yoast-schema-graph\">{\"@context\":\"https:\\\/\\\/schema.org\",\"@graph\":[{\"@type\":\"WebPage\",\"@id\":\"https:\\\/\\\/www.sonneshop.ee\\\/lv\\\/product\\\/seebialus-2\\\/\",\"url\":\"https:\\\/\\\/www.sonneshop.ee\\\/lv\\\/product\\\/seebialus-2\\\/\",\"name\":\"Seebialus - Sonne\",\"isPartOf\":{\"@id\":\"https:\\\/\\\/www.sonneshop.ee\\\/lv\\\/#website\"},\"primaryImageOfPage\":{\"@id\":\"https:\\\/\\\/www.sonneshop.ee\\\/lv\\\/product\\\/seebialus-2\\\/#primaryimage\"},\"image\":{\"@id\":\"https:\\\/\\\/www.sonneshop.ee\\\/lv\\\/product\\\/seebialus-2\\\/#primaryimage\"},\"thumbnailUrl\":\"https:\\\/\\\/www.sonneshop.ee\\\/wp-content\\\/uploads\\\/2024\\\/01\\\/okoummarguneseebialushall.jpg\",\"datePublished\":\"2024-01-08T08:55:32+00:00\",\"dateModified\":\"2024-11-14T14:46:36+00:00\",\"breadcrumb\":{\"@id\":\"https:\\\/\\\/www.sonneshop.ee\\\/lv\\\/product\\\/seebialus-2\\\/#breadcrumb\"},\"inLanguage\":\"lv-LV\",\"potentialAction\":[{\"@type\":\"ReadAction\",\"target\":[\"https:\\\/\\\/www.sonneshop.ee\\\/lv\\\/product\\\/seebialus-2\\\/\"]}]},{\"@type\":\"ImageObject\",\"inLanguage\":\"lv-LV\",\"@id\":\"https:\\\/\\\/www.sonneshop.ee\\\/lv\\\/product\\\/seebialus-2\\\/#primaryimage\",\"url\":\"https:\\\/\\\/www.sonneshop.ee\\\/wp-content\\\/uploads\\\/2024\\\/01\\\/okoummarguneseebialushall.jpg\",\"contentUrl\":\"https:\\\/\\\/www.sonneshop.ee\\\/wp-content\\\/uploads\\\/2024\\\/01\\\/okoummarguneseebialushall.jpg\",\"width\":768,\"height\":1152},{\"@type\":\"BreadcrumbList\",\"@id\":\"https:\\\/\\\/www.sonneshop.ee\\\/lv\\\/product\\\/seebialus-2\\\/#breadcrumb\",\"itemListElement\":[{\"@type\":\"ListItem\",\"position\":1,\"name\":\"Home\",\"item\":\"https:\\\/\\\/www.sonneshop.ee\\\/lv\\\/kafija-majas-maksla\\\/\"},{\"@type\":\"ListItem\",\"position\":2,\"name\":\"Pood\",\"item\":\"https:\\\/\\\/www.sonneshop.ee\\\/pood\\\/\"},{\"@type\":\"ListItem\",\"position\":3,\"name\":\"Seebialus\"}]},{\"@type\":\"WebSite\",\"@id\":\"https:\\\/\\\/www.sonneshop.ee\\\/lv\\\/#website\",\"url\":\"https:\\\/\\\/www.sonneshop.ee\\\/lv\\\/\",\"name\":\"Sonne\",\"description\":\"Kohv.Kodu.Kunst\",\"publisher\":{\"@id\":\"https:\\\/\\\/www.sonneshop.ee\\\/lv\\\/#organization\"},\"potentialAction\":[{\"@type\":\"SearchAction\",\"target\":{\"@type\":\"EntryPoint\",\"urlTemplate\":\"https:\\\/\\\/www.sonneshop.ee\\\/lv\\\/?s={search_term_string}\"},\"query-input\":{\"@type\":\"PropertyValueSpecification\",\"valueRequired\":true,\"valueName\":\"search_term_string\"}}],\"inLanguage\":\"lv-LV\"},{\"@type\":\"Organization\",\"@id\":\"https:\\\/\\\/www.sonneshop.ee\\\/lv\\\/#organization\",\"name\":\"Sonne kohv.kodu.kunst\",\"url\":\"https:\\\/\\\/www.sonneshop.ee\\\/lv\\\/\",\"logo\":{\"@type\":\"ImageObject\",\"inLanguage\":\"lv-LV\",\"@id\":\"https:\\\/\\\/www.sonneshop.ee\\\/lv\\\/#\\\/schema\\\/logo\\\/image\\\/\",\"url\":\"https:\\\/\\\/www.sonneshop.ee\\\/wp-content\\\/uploads\\\/2023\\\/07\\\/Sonne_valge.png\",\"contentUrl\":\"https:\\\/\\\/www.sonneshop.ee\\\/wp-content\\\/uploads\\\/2023\\\/07\\\/Sonne_valge.png\",\"width\":600,\"height\":600,\"caption\":\"Sonne kohv.kodu.kunst\"},\"image\":{\"@id\":\"https:\\\/\\\/www.sonneshop.ee\\\/lv\\\/#\\\/schema\\\/logo\\\/image\\\/\"},\"sameAs\":[\"https:\\\/\\\/www.facebook.com\\\/sonneshop\\\/\"]}]}<\/script>\n<!-- \/ Yoast SEO plugin. -->","yoast_head_json":{"title":"Seebialus - Sonne","robots":{"index":"index","follow":"follow","max-snippet":"max-snippet:-1","max-image-preview":"max-image-preview:large","max-video-preview":"max-video-preview:-1"},"canonical":"https:\/\/www.sonneshop.ee\/lv\/product\/seebialus-2\/","og_locale":"lv_LV","og_type":"article","og_title":"Seebialus - Sonne","og_description":"&nbsp; Minim\u0101lisma dizaina betona apa\u013cais ziepju trauks, kas, lietojot ciet\u0101s ziepes, novada lieko \u016bdeni no pamatnes. &nbsp; Ide\u0101li piem\u0113rots gan vannas istabai, gan virtuvei. Izm\u0113ri: diametrs 98 mm Materi\u0101ls: betons Apstr\u0101d\u0101ts ar dab\u012bg\u0101m e\u013c\u013c\u0101m. Katrs izstr\u0101d\u0101jums ir roku darbs, un tam ir savs unik\u0101ls dizains. Izstr\u0101d\u0101ts un ra\u017eots Igaunij\u0101. &nbsp;","og_url":"https:\/\/www.sonneshop.ee\/lv\/product\/seebialus-2\/","og_site_name":"Sonne","article_publisher":"https:\/\/www.facebook.com\/sonneshop\/","article_modified_time":"2024-11-14T14:46:36+00:00","og_image":[{"width":768,"height":1152,"url":"https:\/\/www.sonneshop.ee\/wp-content\/uploads\/2024\/01\/okoummarguneseebialushall.jpg","type":"image\/jpeg"}],"twitter_card":"summary_large_image","schema":{"@context":"https:\/\/schema.org","@graph":[{"@type":"WebPage","@id":"https:\/\/www.sonneshop.ee\/lv\/product\/seebialus-2\/","url":"https:\/\/www.sonneshop.ee\/lv\/product\/seebialus-2\/","name":"Seebialus - Sonne","isPartOf":{"@id":"https:\/\/www.sonneshop.ee\/lv\/#website"},"primaryImageOfPage":{"@id":"https:\/\/www.sonneshop.ee\/lv\/product\/seebialus-2\/#primaryimage"},"image":{"@id":"https:\/\/www.sonneshop.ee\/lv\/product\/seebialus-2\/#primaryimage"},"thumbnailUrl":"https:\/\/www.sonneshop.ee\/wp-content\/uploads\/2024\/01\/okoummarguneseebialushall.jpg","datePublished":"2024-01-08T08:55:32+00:00","dateModified":"2024-11-14T14:46:36+00:00","breadcrumb":{"@id":"https:\/\/www.sonneshop.ee\/lv\/product\/seebialus-2\/#breadcrumb"},"inLanguage":"lv-LV","potentialAction":[{"@type":"ReadAction","target":["https:\/\/www.sonneshop.ee\/lv\/product\/seebialus-2\/"]}]},{"@type":"ImageObject","inLanguage":"lv-LV","@id":"https:\/\/www.sonneshop.ee\/lv\/product\/seebialus-2\/#primaryimage","url":"https:\/\/www.sonneshop.ee\/wp-content\/uploads\/2024\/01\/okoummarguneseebialushall.jpg","contentUrl":"https:\/\/www.sonneshop.ee\/wp-content\/uploads\/2024\/01\/okoummarguneseebialushall.jpg","width":768,"height":1152},{"@type":"BreadcrumbList","@id":"https:\/\/www.sonneshop.ee\/lv\/product\/seebialus-2\/#breadcrumb","itemListElement":[{"@type":"ListItem","position":1,"name":"Home","item":"https:\/\/www.sonneshop.ee\/lv\/kafija-majas-maksla\/"},{"@type":"ListItem","position":2,"name":"Pood","item":"https:\/\/www.sonneshop.ee\/pood\/"},{"@type":"ListItem","position":3,"name":"Seebialus"}]},{"@type":"WebSite","@id":"https:\/\/www.sonneshop.ee\/lv\/#website","url":"https:\/\/www.sonneshop.ee\/lv\/","name":"Sonne","description":"Kohv.Kodu.Kunst","publisher":{"@id":"https:\/\/www.sonneshop.ee\/lv\/#organization"},"potentialAction":[{"@type":"SearchAction","target":{"@type":"EntryPoint","urlTemplate":"https:\/\/www.sonneshop.ee\/lv\/?s={search_term_string}"},"query-input":{"@type":"PropertyValueSpecification","valueRequired":true,"valueName":"search_term_string"}}],"inLanguage":"lv-LV"},{"@type":"Organization","@id":"https:\/\/www.sonneshop.ee\/lv\/#organization","name":"Sonne kohv.kodu.kunst","url":"https:\/\/www.sonneshop.ee\/lv\/","logo":{"@type":"ImageObject","inLanguage":"lv-LV","@id":"https:\/\/www.sonneshop.ee\/lv\/#\/schema\/logo\/image\/","url":"https:\/\/www.sonneshop.ee\/wp-content\/uploads\/2023\/07\/Sonne_valge.png","contentUrl":"https:\/\/www.sonneshop.ee\/wp-content\/uploads\/2023\/07\/Sonne_valge.png","width":600,"height":600,"caption":"Sonne kohv.kodu.kunst"},"image":{"@id":"https:\/\/www.sonneshop.ee\/lv\/#\/schema\/logo\/image\/"},"sameAs":["https:\/\/www.facebook.com\/sonneshop\/"]}]}},"_links":{"self":[{"href":"https:\/\/www.sonneshop.ee\/lv\/wp-json\/wp\/v2\/product\/7610","targetHints":{"allow":["GET"]}}],"collection":[{"href":"https:\/\/www.sonneshop.ee\/lv\/wp-json\/wp\/v2\/product"}],"about":[{"href":"https:\/\/www.sonneshop.ee\/lv\/wp-json\/wp\/v2\/types\/product"}],"replies":[{"embeddable":true,"href":"https:\/\/www.sonneshop.ee\/lv\/wp-json\/wp\/v2\/comments?post=7610"}],"wp:featuredmedia":[{"embeddable":true,"href":"https:\/\/www.sonneshop.ee\/lv\/wp-json\/wp\/v2\/media\/6966"}],"wp:attachment":[{"href":"https:\/\/www.sonneshop.ee\/lv\/wp-json\/wp\/v2\/media?parent=7610"}],"wp:term":[{"taxonomy":"product_brand","embeddable":true,"href":"https:\/\/www.sonneshop.ee\/lv\/wp-json\/wp\/v2\/product_brand?post=7610"},{"taxonomy":"product_cat","embeddable":true,"href":"https:\/\/www.sonneshop.ee\/lv\/wp-json\/wp\/v2\/product_cat?post=7610"},{"taxonomy":"product_tag","embeddable":true,"href":"https:\/\/www.sonneshop.ee\/lv\/wp-json\/wp\/v2\/product_tag?post=7610"}],"curies":[{"name":"wp","href":"https:\/\/api.w.org\/{rel}","templated":true}]}}

<p>&nbsp;</p>
<h5>Minimālisma dizaina betona apaļais ziepju trauks, kas, lietojot cietās ziepes, novada lieko ūdeni no pamatnes.</h5>
<p>&nbsp;</p>
<p>Ideāli piemērots gan vannas istabai, gan virtuvei.</p>
<p>Izmēri: diametrs 98 mm<br />
Materiāls: betons<br />
Apstrādāts ar dabīgām eļļām.</p>
<p>Katrs izstrādājums ir roku darbs, un tam ir savs unikāls dizains.</p>
<p>Izstrādāts un ražots Igaunijā.</p>
<p>&nbsp;</p>

<!-- This site is optimized with the Yoast SEO plugin v27.5 - https://yoast.com/product/yoast-seo-wordpress/ -->
<title>Seebialus - Sonne</title>
<meta name="robots" content="index, follow, max-snippet:-1, max-image-preview:large, max-video-preview:-1" />
<link rel="canonical" href="https://www.sonneshop.ee/lv/product/seebialus-2/" />
<meta property="og:locale" content="lv_LV" />
<meta property="og:type" content="article" />
<meta property="og:title" content="Seebialus - Sonne" />
<meta property="og:description" content="&nbsp; Minimālisma dizaina betona apaļais ziepju trauks, kas, lietojot cietās ziepes, novada lieko ūdeni no pamatnes. &nbsp; Ideāli piemērots gan vannas istabai, gan virtuvei. Izmēri: diametrs 98 mm Materiāls: betons Apstrādāts ar dabīgām eļļām. Katrs izstrādājums ir roku darbs, un tam ir savs unikāls dizains. Izstrādāts un ražots Igaunijā. &nbsp;" />
<meta property="og:url" content="https://www.sonneshop.ee/lv/product/seebialus-2/" />
<meta property="og:site_name" content="Sonne" />
<meta property="article:publisher" content="https://www.facebook.com/sonneshop/" />
<meta property="article:modified_time" content="2024-11-14T14:46:36+00:00" />
<meta property="og:image" content="https://www.sonneshop.ee/wp-content/uploads/2024/01/okoummarguneseebialushall.jpg" />
	<meta property="og:image:width" content="768" />
	<meta property="og:image:height" content="1152" />
	<meta property="og:image:type" content="image/jpeg" />
<meta name="twitter:card" content="summary_large_image" />
<script type="application/ld+json" class="yoast-schema-graph">{"@context":"https:\/\/schema.org","@graph":[{"@type":"WebPage","@id":"https:\/\/www.sonneshop.ee\/lv\/product\/seebialus-2\/","url":"https:\/\/www.sonneshop.ee\/lv\/product\/seebialus-2\/","name":"Seebialus - Sonne","isPartOf":{"@id":"https:\/\/www.sonneshop.ee\/lv\/#website"},"primaryImageOfPage":{"@id":"https:\/\/www.sonneshop.ee\/lv\/product\/seebialus-2\/#primaryimage"},"image":{"@id":"https:\/\/www.sonneshop.ee\/lv\/product\/seebialus-2\/#primaryimage"},"thumbnailUrl":"https:\/\/www.sonneshop.ee\/wp-content\/uploads\/2024\/01\/okoummarguneseebialushall.jpg","datePublished":"2024-01-08T08:55:32+00:00","dateModified":"2024-11-14T14:46:36+00:00","breadcrumb":{"@id":"https:\/\/www.sonneshop.ee\/lv\/product\/seebialus-2\/#breadcrumb"},"inLanguage":"lv-LV","potentialAction":[{"@type":"ReadAction","target":["https:\/\/www.sonneshop.ee\/lv\/product\/seebialus-2\/"]}]},{"@type":"ImageObject","inLanguage":"lv-LV","@id":"https:\/\/www.sonneshop.ee\/lv\/product\/seebialus-2\/#primaryimage","url":"https:\/\/www.sonneshop.ee\/wp-content\/uploads\/2024\/01\/okoummarguneseebialushall.jpg","contentUrl":"https:\/\/www.sonneshop.ee\/wp-content\/uploads\/2024\/01\/okoummarguneseebialushall.jpg","width":768,"height":1152},{"@type":"BreadcrumbList","@id":"https:\/\/www.sonneshop.ee\/lv\/product\/seebialus-2\/#breadcrumb","itemListElement":[{"@type":"ListItem","position":1,"name":"Home","item":"https:\/\/www.sonneshop.ee\/lv\/kafija-majas-maksla\/"},{"@type":"ListItem","position":2,"name":"Pood","item":"https:\/\/www.sonneshop.ee\/pood\/"},{"@type":"ListItem","position":3,"name":"Seebialus"}]},{"@type":"WebSite","@id":"https:\/\/www.sonneshop.ee\/lv\/#website","url":"https:\/\/www.sonneshop.ee\/lv\/","name":"Sonne","description":"Kohv.Kodu.Kunst","publisher":{"@id":"https:\/\/www.sonneshop.ee\/lv\/#organization"},"potentialAction":[{"@type":"SearchAction","target":{"@type":"EntryPoint","urlTemplate":"https:\/\/www.sonneshop.ee\/lv\/?s={search_term_string}"},"query-input":{"@type":"PropertyValueSpecification","valueRequired":true,"valueName":"search_term_string"}}],"inLanguage":"lv-LV"},{"@type":"Organization","@id":"https:\/\/www.sonneshop.ee\/lv\/#organization","name":"Sonne kohv.kodu.kunst","url":"https:\/\/www.sonneshop.ee\/lv\/","logo":{"@type":"ImageObject","inLanguage":"lv-LV","@id":"https:\/\/www.sonneshop.ee\/lv\/#\/schema\/logo\/image\/","url":"https:\/\/www.sonneshop.ee\/wp-content\/uploads\/2023\/07\/Sonne_valge.png","contentUrl":"https:\/\/www.sonneshop.ee\/wp-content\/uploads\/2023\/07\/Sonne_valge.png","width":600,"height":600,"caption":"Sonne kohv.kodu.kunst"},"image":{"@id":"https:\/\/www.sonneshop.ee\/lv\/#\/schema\/logo\/image\/"},"sameAs":["https:\/\/www.facebook.com\/sonneshop\/"]}]}</script>
<!-- / Yoast SEO plugin. -->

&nbsp; Minimālisma dizaina betona apaļais ziepju trauks, kas, lietojot cietās ziepes, novada lieko ūdeni no pamatnes. &nbsp; Ideāli piemērots gan vannas istabai, gan virtuvei. Izmēri: diametrs 98 mm Materiāls: betons Apstrādāts ar dabīgām eļļām. Katrs izstrādājums ir roku darbs, un tam ir savs unikāls dizains. Izstrādāts un ražots Igaunijā. &nbsp;
