{"id":7587,"date":"2024-01-08T10:27:28","date_gmt":"2024-01-08T08:27:28","guid":{"rendered":"https:\/\/www.sonneshop.ee\/product\/ovalus-pagrindas\/"},"modified":"2024-01-08T10:27:28","modified_gmt":"2024-01-08T08:27:28","slug":"ovalus-pagrindas","status":"publish","type":"product","link":"https:\/\/www.sonneshop.ee\/lt\/produktas\/ovalus-pagrindas\/","title":{"rendered":"Ovalus pagrindas"},"content":{"rendered":"","protected":false},"excerpt":{"rendered":"<p>&nbsp;<\/p>\n<h5>Minimalistinio dizaino betoninis pagrindas ir (arba) stovas.<\/h5>\n<p>&nbsp;<\/p>\n<p>Tinka kaip pagrindas \u017evak\u0117ms, papuo\u0161alams, taip pat kaip dant\u0173 \u0161epet\u0117lio laikiklis, skystas muilas vonios kambaryje.<\/p>\n<p>Matmenys: 17,5 x 9,5 x 1,6 cm<br \/>\nMed\u017eiaga: betonas<br \/>\nApdorota nat\u016braliais aliejais.<\/p>\n<p>Kiekvienas gaminys yra rank\u0173 darbo ir turi unikal\u0173 dizain\u0105.<\/p>\n<p>Sukurta ir pagaminta Estijoje.<\/p>\n<p>&nbsp;<\/p>\n","protected":false},"featured_media":6955,"comment_status":"open","ping_status":"closed","template":"","meta":[],"product_brand":[],"product_cat":[578],"product_tag":[579,583,586],"class_list":{"0":"post-7587","1":"product","2":"type-product","3":"status-publish","4":"has-post-thumbnail","6":"product_cat-oko-lt","7":"product_tag-oko-lt","8":"product_tag-ovalus-pagrindas","9":"product_tag-zvakide","11":"first","12":"instock","13":"taxable","14":"shipping-taxable","15":"purchasable","16":"product-type-simple"},"yoast_head":"<!-- This site is optimized with the Yoast SEO plugin v27.5 - https:\/\/yoast.com\/product\/yoast-seo-wordpress\/ -->\n<title>Ovalus pagrindas - Sonne<\/title>\n<meta name=\"robots\" content=\"index, follow, max-snippet:-1, max-image-preview:large, max-video-preview:-1\" \/>\n<link rel=\"canonical\" href=\"https:\/\/www.sonneshop.ee\/lt\/produktas\/ovalus-pagrindas\/\" \/>\n<meta property=\"og:locale\" content=\"lt_LT\" \/>\n<meta property=\"og:type\" content=\"article\" \/>\n<meta property=\"og:title\" content=\"Ovalus pagrindas - Sonne\" \/>\n<meta property=\"og:description\" content=\"&nbsp; Minimalistinio dizaino betoninis pagrindas ir (arba) stovas. &nbsp; Tinka kaip pagrindas \u017evak\u0117ms, papuo\u0161alams, taip pat kaip dant\u0173 \u0161epet\u0117lio laikiklis, skystas muilas vonios kambaryje. Matmenys: 17,5 x 9,5 x 1,6 cm Med\u017eiaga: betonas Apdorota nat\u016braliais aliejais. Kiekvienas gaminys yra rank\u0173 darbo ir turi unikal\u0173 dizain\u0105. Sukurta ir pagaminta Estijoje. &nbsp;\" \/>\n<meta property=\"og:url\" content=\"https:\/\/www.sonneshop.ee\/lt\/produktas\/ovalus-pagrindas\/\" \/>\n<meta property=\"og:site_name\" content=\"Sonne\" \/>\n<meta property=\"article:publisher\" content=\"https:\/\/www.facebook.com\/sonneshop\/\" \/>\n<meta property=\"og:image\" content=\"https:\/\/www.sonneshop.ee\/wp-content\/uploads\/2024\/01\/tumehallkuunlaalus.jpg\" \/>\n\t<meta property=\"og:image:width\" content=\"768\" \/>\n\t<meta property=\"og:image:height\" content=\"1152\" \/>\n\t<meta property=\"og:image:type\" content=\"image\/jpeg\" \/>\n<meta name=\"twitter:card\" content=\"summary_large_image\" \/>\n<script type=\"application\/ld+json\" class=\"yoast-schema-graph\">{\"@context\":\"https:\\\/\\\/schema.org\",\"@graph\":[{\"@type\":\"WebPage\",\"@id\":\"https:\\\/\\\/www.sonneshop.ee\\\/lt\\\/produktas\\\/ovalus-pagrindas\\\/\",\"url\":\"https:\\\/\\\/www.sonneshop.ee\\\/lt\\\/produktas\\\/ovalus-pagrindas\\\/\",\"name\":\"Ovalus pagrindas - Sonne\",\"isPartOf\":{\"@id\":\"https:\\\/\\\/www.sonneshop.ee\\\/lt\\\/#website\"},\"primaryImageOfPage\":{\"@id\":\"https:\\\/\\\/www.sonneshop.ee\\\/lt\\\/produktas\\\/ovalus-pagrindas\\\/#primaryimage\"},\"image\":{\"@id\":\"https:\\\/\\\/www.sonneshop.ee\\\/lt\\\/produktas\\\/ovalus-pagrindas\\\/#primaryimage\"},\"thumbnailUrl\":\"https:\\\/\\\/www.sonneshop.ee\\\/wp-content\\\/uploads\\\/2024\\\/01\\\/tumehallkuunlaalus.jpg\",\"datePublished\":\"2024-01-08T08:27:28+00:00\",\"breadcrumb\":{\"@id\":\"https:\\\/\\\/www.sonneshop.ee\\\/lt\\\/produktas\\\/ovalus-pagrindas\\\/#breadcrumb\"},\"inLanguage\":\"lt-LT\",\"potentialAction\":[{\"@type\":\"ReadAction\",\"target\":[\"https:\\\/\\\/www.sonneshop.ee\\\/lt\\\/produktas\\\/ovalus-pagrindas\\\/\"]}]},{\"@type\":\"ImageObject\",\"inLanguage\":\"lt-LT\",\"@id\":\"https:\\\/\\\/www.sonneshop.ee\\\/lt\\\/produktas\\\/ovalus-pagrindas\\\/#primaryimage\",\"url\":\"https:\\\/\\\/www.sonneshop.ee\\\/wp-content\\\/uploads\\\/2024\\\/01\\\/tumehallkuunlaalus.jpg\",\"contentUrl\":\"https:\\\/\\\/www.sonneshop.ee\\\/wp-content\\\/uploads\\\/2024\\\/01\\\/tumehallkuunlaalus.jpg\",\"width\":768,\"height\":1152},{\"@type\":\"BreadcrumbList\",\"@id\":\"https:\\\/\\\/www.sonneshop.ee\\\/lt\\\/produktas\\\/ovalus-pagrindas\\\/#breadcrumb\",\"itemListElement\":[{\"@type\":\"ListItem\",\"position\":1,\"name\":\"Home\",\"item\":\"https:\\\/\\\/www.sonneshop.ee\\\/lt\\\/kava-namai-menas\\\/\"},{\"@type\":\"ListItem\",\"position\":2,\"name\":\"Pood\",\"item\":\"https:\\\/\\\/www.sonneshop.ee\\\/pood\\\/\"},{\"@type\":\"ListItem\",\"position\":3,\"name\":\"Ovalus pagrindas\"}]},{\"@type\":\"WebSite\",\"@id\":\"https:\\\/\\\/www.sonneshop.ee\\\/lt\\\/#website\",\"url\":\"https:\\\/\\\/www.sonneshop.ee\\\/lt\\\/\",\"name\":\"Sonne\",\"description\":\"Kohv.Kodu.Kunst\",\"publisher\":{\"@id\":\"https:\\\/\\\/www.sonneshop.ee\\\/lt\\\/#organization\"},\"potentialAction\":[{\"@type\":\"SearchAction\",\"target\":{\"@type\":\"EntryPoint\",\"urlTemplate\":\"https:\\\/\\\/www.sonneshop.ee\\\/lt\\\/?s={search_term_string}\"},\"query-input\":{\"@type\":\"PropertyValueSpecification\",\"valueRequired\":true,\"valueName\":\"search_term_string\"}}],\"inLanguage\":\"lt-LT\"},{\"@type\":\"Organization\",\"@id\":\"https:\\\/\\\/www.sonneshop.ee\\\/lt\\\/#organization\",\"name\":\"Sonne kohv.kodu.kunst\",\"url\":\"https:\\\/\\\/www.sonneshop.ee\\\/lt\\\/\",\"logo\":{\"@type\":\"ImageObject\",\"inLanguage\":\"lt-LT\",\"@id\":\"https:\\\/\\\/www.sonneshop.ee\\\/lt\\\/#\\\/schema\\\/logo\\\/image\\\/\",\"url\":\"https:\\\/\\\/www.sonneshop.ee\\\/wp-content\\\/uploads\\\/2023\\\/07\\\/Sonne_valge.png\",\"contentUrl\":\"https:\\\/\\\/www.sonneshop.ee\\\/wp-content\\\/uploads\\\/2023\\\/07\\\/Sonne_valge.png\",\"width\":600,\"height\":600,\"caption\":\"Sonne kohv.kodu.kunst\"},\"image\":{\"@id\":\"https:\\\/\\\/www.sonneshop.ee\\\/lt\\\/#\\\/schema\\\/logo\\\/image\\\/\"},\"sameAs\":[\"https:\\\/\\\/www.facebook.com\\\/sonneshop\\\/\"]}]}<\/script>\n<!-- \/ Yoast SEO plugin. -->","yoast_head_json":{"title":"Ovalus pagrindas - Sonne","robots":{"index":"index","follow":"follow","max-snippet":"max-snippet:-1","max-image-preview":"max-image-preview:large","max-video-preview":"max-video-preview:-1"},"canonical":"https:\/\/www.sonneshop.ee\/lt\/produktas\/ovalus-pagrindas\/","og_locale":"lt_LT","og_type":"article","og_title":"Ovalus pagrindas - Sonne","og_description":"&nbsp; Minimalistinio dizaino betoninis pagrindas ir (arba) stovas. &nbsp; Tinka kaip pagrindas \u017evak\u0117ms, papuo\u0161alams, taip pat kaip dant\u0173 \u0161epet\u0117lio laikiklis, skystas muilas vonios kambaryje. Matmenys: 17,5 x 9,5 x 1,6 cm Med\u017eiaga: betonas Apdorota nat\u016braliais aliejais. Kiekvienas gaminys yra rank\u0173 darbo ir turi unikal\u0173 dizain\u0105. Sukurta ir pagaminta Estijoje. &nbsp;","og_url":"https:\/\/www.sonneshop.ee\/lt\/produktas\/ovalus-pagrindas\/","og_site_name":"Sonne","article_publisher":"https:\/\/www.facebook.com\/sonneshop\/","og_image":[{"width":768,"height":1152,"url":"https:\/\/www.sonneshop.ee\/wp-content\/uploads\/2024\/01\/tumehallkuunlaalus.jpg","type":"image\/jpeg"}],"twitter_card":"summary_large_image","schema":{"@context":"https:\/\/schema.org","@graph":[{"@type":"WebPage","@id":"https:\/\/www.sonneshop.ee\/lt\/produktas\/ovalus-pagrindas\/","url":"https:\/\/www.sonneshop.ee\/lt\/produktas\/ovalus-pagrindas\/","name":"Ovalus pagrindas - Sonne","isPartOf":{"@id":"https:\/\/www.sonneshop.ee\/lt\/#website"},"primaryImageOfPage":{"@id":"https:\/\/www.sonneshop.ee\/lt\/produktas\/ovalus-pagrindas\/#primaryimage"},"image":{"@id":"https:\/\/www.sonneshop.ee\/lt\/produktas\/ovalus-pagrindas\/#primaryimage"},"thumbnailUrl":"https:\/\/www.sonneshop.ee\/wp-content\/uploads\/2024\/01\/tumehallkuunlaalus.jpg","datePublished":"2024-01-08T08:27:28+00:00","breadcrumb":{"@id":"https:\/\/www.sonneshop.ee\/lt\/produktas\/ovalus-pagrindas\/#breadcrumb"},"inLanguage":"lt-LT","potentialAction":[{"@type":"ReadAction","target":["https:\/\/www.sonneshop.ee\/lt\/produktas\/ovalus-pagrindas\/"]}]},{"@type":"ImageObject","inLanguage":"lt-LT","@id":"https:\/\/www.sonneshop.ee\/lt\/produktas\/ovalus-pagrindas\/#primaryimage","url":"https:\/\/www.sonneshop.ee\/wp-content\/uploads\/2024\/01\/tumehallkuunlaalus.jpg","contentUrl":"https:\/\/www.sonneshop.ee\/wp-content\/uploads\/2024\/01\/tumehallkuunlaalus.jpg","width":768,"height":1152},{"@type":"BreadcrumbList","@id":"https:\/\/www.sonneshop.ee\/lt\/produktas\/ovalus-pagrindas\/#breadcrumb","itemListElement":[{"@type":"ListItem","position":1,"name":"Home","item":"https:\/\/www.sonneshop.ee\/lt\/kava-namai-menas\/"},{"@type":"ListItem","position":2,"name":"Pood","item":"https:\/\/www.sonneshop.ee\/pood\/"},{"@type":"ListItem","position":3,"name":"Ovalus pagrindas"}]},{"@type":"WebSite","@id":"https:\/\/www.sonneshop.ee\/lt\/#website","url":"https:\/\/www.sonneshop.ee\/lt\/","name":"Sonne","description":"Kohv.Kodu.Kunst","publisher":{"@id":"https:\/\/www.sonneshop.ee\/lt\/#organization"},"potentialAction":[{"@type":"SearchAction","target":{"@type":"EntryPoint","urlTemplate":"https:\/\/www.sonneshop.ee\/lt\/?s={search_term_string}"},"query-input":{"@type":"PropertyValueSpecification","valueRequired":true,"valueName":"search_term_string"}}],"inLanguage":"lt-LT"},{"@type":"Organization","@id":"https:\/\/www.sonneshop.ee\/lt\/#organization","name":"Sonne kohv.kodu.kunst","url":"https:\/\/www.sonneshop.ee\/lt\/","logo":{"@type":"ImageObject","inLanguage":"lt-LT","@id":"https:\/\/www.sonneshop.ee\/lt\/#\/schema\/logo\/image\/","url":"https:\/\/www.sonneshop.ee\/wp-content\/uploads\/2023\/07\/Sonne_valge.png","contentUrl":"https:\/\/www.sonneshop.ee\/wp-content\/uploads\/2023\/07\/Sonne_valge.png","width":600,"height":600,"caption":"Sonne kohv.kodu.kunst"},"image":{"@id":"https:\/\/www.sonneshop.ee\/lt\/#\/schema\/logo\/image\/"},"sameAs":["https:\/\/www.facebook.com\/sonneshop\/"]}]}},"_links":{"self":[{"href":"https:\/\/www.sonneshop.ee\/lt\/wp-json\/wp\/v2\/product\/7587","targetHints":{"allow":["GET"]}}],"collection":[{"href":"https:\/\/www.sonneshop.ee\/lt\/wp-json\/wp\/v2\/product"}],"about":[{"href":"https:\/\/www.sonneshop.ee\/lt\/wp-json\/wp\/v2\/types\/product"}],"replies":[{"embeddable":true,"href":"https:\/\/www.sonneshop.ee\/lt\/wp-json\/wp\/v2\/comments?post=7587"}],"wp:featuredmedia":[{"embeddable":true,"href":"https:\/\/www.sonneshop.ee\/lt\/wp-json\/wp\/v2\/media\/6955"}],"wp:attachment":[{"href":"https:\/\/www.sonneshop.ee\/lt\/wp-json\/wp\/v2\/media?parent=7587"}],"wp:term":[{"taxonomy":"product_brand","embeddable":true,"href":"https:\/\/www.sonneshop.ee\/lt\/wp-json\/wp\/v2\/product_brand?post=7587"},{"taxonomy":"product_cat","embeddable":true,"href":"https:\/\/www.sonneshop.ee\/lt\/wp-json\/wp\/v2\/product_cat?post=7587"},{"taxonomy":"product_tag","embeddable":true,"href":"https:\/\/www.sonneshop.ee\/lt\/wp-json\/wp\/v2\/product_tag?post=7587"}],"curies":[{"name":"wp","href":"https:\/\/api.w.org\/{rel}","templated":true}]}}

<p>&nbsp;</p>
<h5>Minimalistinio dizaino betoninis pagrindas ir (arba) stovas.</h5>
<p>&nbsp;</p>
<p>Tinka kaip pagrindas žvakėms, papuošalams, taip pat kaip dantų šepetėlio laikiklis, skystas muilas vonios kambaryje.</p>
<p>Matmenys: 17,5 x 9,5 x 1,6 cm<br />
Medžiaga: betonas<br />
Apdorota natūraliais aliejais.</p>
<p>Kiekvienas gaminys yra rankų darbo ir turi unikalų dizainą.</p>
<p>Sukurta ir pagaminta Estijoje.</p>
<p>&nbsp;</p>

<!-- This site is optimized with the Yoast SEO plugin v27.5 - https://yoast.com/product/yoast-seo-wordpress/ -->
<title>Ovalus pagrindas - Sonne</title>
<meta name="robots" content="index, follow, max-snippet:-1, max-image-preview:large, max-video-preview:-1" />
<link rel="canonical" href="https://www.sonneshop.ee/lt/produktas/ovalus-pagrindas/" />
<meta property="og:locale" content="lt_LT" />
<meta property="og:type" content="article" />
<meta property="og:title" content="Ovalus pagrindas - Sonne" />
<meta property="og:description" content="&nbsp; Minimalistinio dizaino betoninis pagrindas ir (arba) stovas. &nbsp; Tinka kaip pagrindas žvakėms, papuošalams, taip pat kaip dantų šepetėlio laikiklis, skystas muilas vonios kambaryje. Matmenys: 17,5 x 9,5 x 1,6 cm Medžiaga: betonas Apdorota natūraliais aliejais. Kiekvienas gaminys yra rankų darbo ir turi unikalų dizainą. Sukurta ir pagaminta Estijoje. &nbsp;" />
<meta property="og:url" content="https://www.sonneshop.ee/lt/produktas/ovalus-pagrindas/" />
<meta property="og:site_name" content="Sonne" />
<meta property="article:publisher" content="https://www.facebook.com/sonneshop/" />
<meta property="og:image" content="https://www.sonneshop.ee/wp-content/uploads/2024/01/tumehallkuunlaalus.jpg" />
	<meta property="og:image:width" content="768" />
	<meta property="og:image:height" content="1152" />
	<meta property="og:image:type" content="image/jpeg" />
<meta name="twitter:card" content="summary_large_image" />
<script type="application/ld+json" class="yoast-schema-graph">{"@context":"https:\/\/schema.org","@graph":[{"@type":"WebPage","@id":"https:\/\/www.sonneshop.ee\/lt\/produktas\/ovalus-pagrindas\/","url":"https:\/\/www.sonneshop.ee\/lt\/produktas\/ovalus-pagrindas\/","name":"Ovalus pagrindas - Sonne","isPartOf":{"@id":"https:\/\/www.sonneshop.ee\/lt\/#website"},"primaryImageOfPage":{"@id":"https:\/\/www.sonneshop.ee\/lt\/produktas\/ovalus-pagrindas\/#primaryimage"},"image":{"@id":"https:\/\/www.sonneshop.ee\/lt\/produktas\/ovalus-pagrindas\/#primaryimage"},"thumbnailUrl":"https:\/\/www.sonneshop.ee\/wp-content\/uploads\/2024\/01\/tumehallkuunlaalus.jpg","datePublished":"2024-01-08T08:27:28+00:00","breadcrumb":{"@id":"https:\/\/www.sonneshop.ee\/lt\/produktas\/ovalus-pagrindas\/#breadcrumb"},"inLanguage":"lt-LT","potentialAction":[{"@type":"ReadAction","target":["https:\/\/www.sonneshop.ee\/lt\/produktas\/ovalus-pagrindas\/"]}]},{"@type":"ImageObject","inLanguage":"lt-LT","@id":"https:\/\/www.sonneshop.ee\/lt\/produktas\/ovalus-pagrindas\/#primaryimage","url":"https:\/\/www.sonneshop.ee\/wp-content\/uploads\/2024\/01\/tumehallkuunlaalus.jpg","contentUrl":"https:\/\/www.sonneshop.ee\/wp-content\/uploads\/2024\/01\/tumehallkuunlaalus.jpg","width":768,"height":1152},{"@type":"BreadcrumbList","@id":"https:\/\/www.sonneshop.ee\/lt\/produktas\/ovalus-pagrindas\/#breadcrumb","itemListElement":[{"@type":"ListItem","position":1,"name":"Home","item":"https:\/\/www.sonneshop.ee\/lt\/kava-namai-menas\/"},{"@type":"ListItem","position":2,"name":"Pood","item":"https:\/\/www.sonneshop.ee\/pood\/"},{"@type":"ListItem","position":3,"name":"Ovalus pagrindas"}]},{"@type":"WebSite","@id":"https:\/\/www.sonneshop.ee\/lt\/#website","url":"https:\/\/www.sonneshop.ee\/lt\/","name":"Sonne","description":"Kohv.Kodu.Kunst","publisher":{"@id":"https:\/\/www.sonneshop.ee\/lt\/#organization"},"potentialAction":[{"@type":"SearchAction","target":{"@type":"EntryPoint","urlTemplate":"https:\/\/www.sonneshop.ee\/lt\/?s={search_term_string}"},"query-input":{"@type":"PropertyValueSpecification","valueRequired":true,"valueName":"search_term_string"}}],"inLanguage":"lt-LT"},{"@type":"Organization","@id":"https:\/\/www.sonneshop.ee\/lt\/#organization","name":"Sonne kohv.kodu.kunst","url":"https:\/\/www.sonneshop.ee\/lt\/","logo":{"@type":"ImageObject","inLanguage":"lt-LT","@id":"https:\/\/www.sonneshop.ee\/lt\/#\/schema\/logo\/image\/","url":"https:\/\/www.sonneshop.ee\/wp-content\/uploads\/2023\/07\/Sonne_valge.png","contentUrl":"https:\/\/www.sonneshop.ee\/wp-content\/uploads\/2023\/07\/Sonne_valge.png","width":600,"height":600,"caption":"Sonne kohv.kodu.kunst"},"image":{"@id":"https:\/\/www.sonneshop.ee\/lt\/#\/schema\/logo\/image\/"},"sameAs":["https:\/\/www.facebook.com\/sonneshop\/"]}]}</script>
<!-- / Yoast SEO plugin. -->

&nbsp; Minimalistinio dizaino betoninis pagrindas ir (arba) stovas. &nbsp; Tinka kaip pagrindas žvakėms, papuošalams, taip pat kaip dantų šepetėlio laikiklis, skystas muilas vonios kambaryje. Matmenys: 17,5 x 9,5 x 1,6 cm Medžiaga: betonas Apdorota natūraliais aliejais. Kiekvienas gaminys yra rankų darbo ir turi unikalų dizainą. Sukurta ir pagaminta Estijoje. &nbsp;
